{"id":74,"date":"2015-09-08T20:57:15","date_gmt":"2015-09-08T18:57:15","guid":{"rendered":"https:\/\/mutualyf.com.ar\/2024\/?page_id=3290"},"modified":"2025-12-03T15:54:08","modified_gmt":"2025-12-03T14:54:08","slug":"farmacia-sindical","status":"publish","type":"page","link":"https:\/\/mutualyf.com.ar\/2024\/farmacia-sindical\/","title":{"rendered":"Farmacia Sindical"},"content":{"rendered":"\t\t<div data-elementor-type=\"wp-page\" data-elementor-id=\"74\" class=\"elementor elementor-74\" data-elementor-post-type=\"page\">\n\t\t\t\t<div class=\"elementor-element elementor-element-1b50142 e-flex e-con-boxed e-con e-parent\" data-id=\"1b50142\" data-element_type=\"container\" data-e-type=\"container\">\n\t\t\t\t\t<div class=\"e-con-inner\">\n\t\t\t\t<div class=\"elementor-element elementor-element-465ddaf elementor-widget elementor-widget-image\" data-id=\"465ddaf\" data-element_type=\"widget\" data-e-type=\"widget\" data-widget_type=\"image.default\">\n\t\t\t\t<div class=\"elementor-widget-container\">\n\t\t\t\t\t\t\t\t\t\t\t\t\t\t\t<img fetchpriority=\"high\" decoding=\"async\" width=\"1024\" height=\"594\" src=\"https:\/\/mutualyf.com.ar\/2024\/wp-content\/uploads\/2025\/11\/farmacia.png\" class=\"attachment-full size-full wp-image-1231\" alt=\"\" srcset=\"https:\/\/mutualyf.com.ar\/2024\/wp-content\/uploads\/2025\/11\/farmacia.png 1024w, https:\/\/mutualyf.com.ar\/2024\/wp-content\/uploads\/2025\/11\/farmacia-300x174.png 300w, https:\/\/mutualyf.com.ar\/2024\/wp-content\/uploads\/2025\/11\/farmacia-768x446.png 768w\" sizes=\"(max-width: 1024px) 100vw, 1024px\" \/>\t\t\t\t\t\t\t\t\t\t\t\t\t\t\t<\/div>\n\t\t\t\t<\/div>\n\t\t\t\t\t<\/div>\n\t\t\t\t<\/div>\n\t\t<div class=\"elementor-element elementor-element-472c005 e-flex e-con-boxed e-con e-parent\" data-id=\"472c005\" data-element_type=\"container\" data-e-type=\"container\">\n\t\t\t\t\t<div class=\"e-con-inner\">\n\t\t\t\t<div class=\"elementor-element elementor-element-766c9b4 elementor-widget elementor-widget-heading\" data-id=\"766c9b4\" data-element_type=\"widget\" data-e-type=\"widget\" data-widget_type=\"heading.default\">\n\t\t\t\t<div class=\"elementor-widget-container\">\n\t\t\t\t\t<h2 class=\"elementor-heading-title elementor-size-default\">El objetivo de la Farmacia Sindical es proporcionar a los Afiliados el mejor servicio posible en el abastecimiento de los medicamentos.<\/h2>\t\t\t\t<\/div>\n\t\t\t\t<\/div>\n\t\t\t\t\t<\/div>\n\t\t\t\t<\/div>\n\t\t<div class=\"elementor-element elementor-element-8d6529e e-flex e-con-boxed e-con e-parent\" data-id=\"8d6529e\" data-element_type=\"container\" data-e-type=\"container\">\n\t\t\t\t\t<div class=\"e-con-inner\">\n\t\t\t\t<div class=\"elementor-element elementor-element-10ba6b56 elementor-widget elementor-widget-text-editor\" data-id=\"10ba6b56\" data-element_type=\"widget\" data-e-type=\"widget\" data-widget_type=\"text-editor.default\">\n\t\t\t\t<div class=\"elementor-widget-container\">\n\t\t\t\t\t\t\t\t\t<p><strong>Horarios de Atenci\u00f3n:<\/strong><br \/>&#8211; Lunes a Viernes de 8 hs a 19 hs.<br \/>&#8211; S\u00e1bados de 8 hs. a 13 hs.<\/p><p>Direcci\u00f3n: Entre R\u00edos 982.<br \/>Tel\u00e9fonos: 341 6218383.<br \/>Mail: farmacia@slyfros.com<\/p><p><strong>Realiza tus pedidos.<\/strong><\/p><p><strong>Metodolog\u00eda:<\/strong><\/p><p><span style=\"text-decoration: underline;\"><strong>1.<\/strong> <\/span>Enviar pedido con:<\/p><ul><li>Nombre y Apellido.<\/li><li>N\u00ba de beneficiario del Plan.<\/li><li>Direcci\u00f3n del domicilio donde hay que enviar el pedido.<\/li><li>FUNDAMENTAL ENVIAR POR WHATSAPP COPIA ESCANEADA O FOTO DE LA PRESCRIPCI\u00d3N M\u00c9DICA (RP) .<\/li><\/ul><p><span style=\"text-decoration: underline;\"><strong>2.<\/strong><\/span> La Farmacia Sindical confirma la recepci\u00f3n del pedido por whatsapp comunicando el importe de lo solicitado y el horario aproximado de entrega.<\/p><p><span style=\"text-decoration: underline;\"><strong>3.<\/strong> <\/span>El afiliado confirma o no la operaci\u00f3n.<\/p><p><span style=\"text-decoration: underline;\"><strong>4.<\/strong> <\/span>La farmacia env\u00eda el pedido con el cadete, el afiliado abona y entrega el \u00a0<i>RP.\u00a0<\/i>\u00a0ORIGINAL al cadete.<\/p><p>La Farmacia Sindical cuenta con el servicio de cadeter\u00eda con Posnet para realizar los env\u00edos a domicilios, con el fin de brindar una mayor comodidad y contenci\u00f3n a sus afiliados.<\/p><p><strong>Formas de Pago:<\/strong><br \/>&#8211; Efectivo.<br \/>&#8211; Tarjeta de Cr\u00e9dito.<br \/>&#8211; Tarjeta de D\u00e9bito.<br \/>&#8211; QR.<\/p>\t\t\t\t\t\t\t\t<\/div>\n\t\t\t\t<\/div>\n\t\t\t\t\t<\/div>\n\t\t\t\t<\/div>\n\t\t<div class=\"elementor-element elementor-element-0e42f02 e-flex e-con-boxed e-con e-parent\" data-id=\"0e42f02\" data-element_type=\"container\" data-e-type=\"container\">\n\t\t\t\t\t<div class=\"e-con-inner\">\n\t\t\t\t<div class=\"elementor-element elementor-element-eb94bcc elementor-alert-info elementor-widget elementor-widget-alert\" data-id=\"eb94bcc\" data-element_type=\"widget\" data-e-type=\"widget\" data-widget_type=\"alert.default\">\n\t\t\t\t<div class=\"elementor-widget-container\">\n\t\t\t\t\t\t\t<div class=\"elementor-alert\" role=\"alert\">\n\n\t\t\t\t\t\t<span class=\"elementor-alert-title\">Cobertura de afiliados al Sindicato de Luz y Fuerza Rosario (FSR)<\/span>\n\t\t\t\n\t\t\t\t\t\t<span class=\"elementor-alert-description\">\nSe adiciona a la cobertura de MUTUALYF un 20% o 30% seg\u00fan corresponda.\n<br>\nEn Rosario solo en Farmacia Sindical.\n<\/span>\n\t\t\t\n\t\t\t\t\t\t<button type=\"button\" class=\"elementor-alert-dismiss\" aria-label=\"Descartar esta alerta.\">\n\t\t\t\t<svg aria-hidden=\"true\" class=\"e-font-icon-svg e-fas-exclamation\" viewBox=\"0 0 192 512\" xmlns=\"http:\/\/www.w3.org\/2000\/svg\"><path d=\"M176 432c0 44.112-35.888 80-80 80s-80-35.888-80-80 35.888-80 80-80 80 35.888 80 80zM25.26 25.199l13.6 272C39.499 309.972 50.041 320 62.83 320h66.34c12.789 0 23.331-10.028 23.97-22.801l13.6-272C167.425 11.49 156.496 0 142.77 0H49.23C35.504 0 24.575 11.49 25.26 25.199z\"><\/path><\/svg>\t\t\t<\/button>\n\t\t\t\n\t\t<\/div>\n\t\t\t\t\t\t<\/div>\n\t\t\t\t<\/div>\n\t\t\t\t\t<\/div>\n\t\t\t\t<\/div>\n\t\t<div class=\"elementor-element elementor-element-0c22f84 e-flex e-con-boxed e-con e-parent\" data-id=\"0c22f84\" data-element_type=\"container\" data-e-type=\"container\">\n\t\t\t\t\t<div class=\"e-con-inner\">\n\t\t\t\t<div class=\"elementor-element elementor-element-3167e55 elementor-widget elementor-widget-text-editor\" data-id=\"3167e55\" data-element_type=\"widget\" data-e-type=\"widget\" data-widget_type=\"text-editor.default\">\n\t\t\t\t<div class=\"elementor-widget-container\">\n\t\t\t\t\t\t\t\t\t<p><strong>Cobertura en Mutualyf:<\/strong><br \/>&#8211; Ambulatorio 40% Obra Social.<br \/>&#8211; Formulario de Tratamiento\u00a0Prolongado: 70 % Obra Social. (seg\u00fan patolog\u00eda en resoluci\u00f3n 310).<br \/>&#8211; Diab\u00e9ticos: Seg\u00fan ley de diabetes.<br \/>&#8211; P.M.I. 100%.<br \/>&#8211; Discapacidad seg\u00fan patolog\u00eda CUD.<\/p><p>\u00a0<\/p>\t\t\t\t\t\t\t\t<\/div>\n\t\t\t\t<\/div>\n\t\t\t\t\t<\/div>\n\t\t\t\t<\/div>\n\t\t<div class=\"elementor-element elementor-element-3fbd7e4 e-flex e-con-boxed e-con e-parent\" data-id=\"3fbd7e4\" data-element_type=\"container\" data-e-type=\"container\">\n\t\t\t\t\t<div class=\"e-con-inner\">\n\t\t<div class=\"elementor-element elementor-element-6910265 e-con-full e-flex e-con e-child\" data-id=\"6910265\" data-element_type=\"container\" data-e-type=\"container\" data-settings=\"{&quot;background_background&quot;:&quot;classic&quot;}\">\n\t\t\t\t<div class=\"elementor-element elementor-element-33a1b4b elementor-widget elementor-widget-text-editor\" data-id=\"33a1b4b\" data-element_type=\"widget\" data-e-type=\"widget\" data-widget_type=\"text-editor.default\">\n\t\t\t\t<div class=\"elementor-widget-container\">\n\t\t\t\t\t\t\t\t\t<a href=\"http:\/\/mutualyf.com.ar\/wp-content\/uploads\/formularios\/VADEMECUM.pdf\" target=\"_blank\" rel=\"noopener\">DESCARGAR VADEMECUM<\/a>\t\t\t\t\t\t\t\t<\/div>\n\t\t\t\t<\/div>\n\t\t\t\t<\/div>\n\t\t\t\t\t<\/div>\n\t\t\t\t<\/div>\n\t\t\t\t<\/div>\n\t\t","protected":false},"excerpt":{"rendered":"<p>El objetivo de la Farmacia Sindical es proporcionar a los Afiliados el mejor servicio posible en el abastecimiento de los medicamentos. Horarios de Atenci\u00f3n:&#8211; Lunes a Viernes de 8 hs a 19 hs.&#8211; S\u00e1bados de 8 hs. a 13 hs. Direcci\u00f3n: Entre R\u00edos 982.Tel\u00e9fonos: 341 6218383.Mail: farmacia@slyfros.com Realiza tus pedidos. Metodolog\u00eda: 1. Enviar pedido con: Nombre y Apellido. N\u00ba de &hellip;<\/p>\n","protected":false},"author":1,"featured_media":0,"parent":0,"menu_order":0,"comment_status":"closed","ping_status":"closed","template":"elementor_header_footer","meta":{"footnotes":""},"class_list":["post-74","page","type-page","status-publish","hentry"],"_links":{"self":[{"href":"https:\/\/mutualyf.com.ar\/2024\/wp-json\/wp\/v2\/pages\/74","targetHints":{"allow":["GET"]}}],"collection":[{"href":"https:\/\/mutualyf.com.ar\/2024\/wp-json\/wp\/v2\/pages"}],"about":[{"href":"https:\/\/mutualyf.com.ar\/2024\/wp-json\/wp\/v2\/types\/page"}],"author":[{"embeddable":true,"href":"https:\/\/mutualyf.com.ar\/2024\/wp-json\/wp\/v2\/users\/1"}],"replies":[{"embeddable":true,"href":"https:\/\/mutualyf.com.ar\/2024\/wp-json\/wp\/v2\/comments?post=74"}],"version-history":[{"count":94,"href":"https:\/\/mutualyf.com.ar\/2024\/wp-json\/wp\/v2\/pages\/74\/revisions"}],"predecessor-version":[{"id":1490,"href":"https:\/\/mutualyf.com.ar\/2024\/wp-json\/wp\/v2\/pages\/74\/revisions\/1490"}],"wp:attachment":[{"href":"https:\/\/mutualyf.com.ar\/2024\/wp-json\/wp\/v2\/media?parent=74"}],"curies":[{"name":"wp","href":"https:\/\/api.w.org\/{rel}","templated":true}]}}