{"id":46,"date":"2015-09-12T11:02:33","date_gmt":"2015-09-12T09:02:33","guid":{"rendered":"https:\/\/mutualyf.com.ar\/2024\/?page_id=3528"},"modified":"2024-07-17T19:33:34","modified_gmt":"2024-07-17T17:33:34","slug":"activos","status":"publish","type":"page","link":"https:\/\/mutualyf.com.ar\/2024\/activos\/","title":{"rendered":"Afiliaci\u00f3n de Titular Activo"},"content":{"rendered":"\t\t<div data-elementor-type=\"wp-page\" data-elementor-id=\"46\" class=\"elementor elementor-46\" data-elementor-post-type=\"page\">\n\t\t\t\t<div class=\"elementor-element elementor-element-f6fc89d e-flex e-con-boxed e-con e-parent\" data-id=\"f6fc89d\" data-element_type=\"container\" data-e-type=\"container\">\n\t\t\t\t\t<div class=\"e-con-inner\">\n\t\t\t\t<div class=\"elementor-element elementor-element-e80d978 elementor-widget elementor-widget-heading\" data-id=\"e80d978\" data-element_type=\"widget\" data-e-type=\"widget\" data-widget_type=\"heading.default\">\n\t\t\t\t<div class=\"elementor-widget-container\">\n\t\t\t\t\t<h2 class=\"elementor-heading-title elementor-size-default\">Afiliaci\u00f3n de Titular Activo<\/h2>\t\t\t\t<\/div>\n\t\t\t\t<\/div>\n\t\t\t\t\t<\/div>\n\t\t\t\t<\/div>\n\t\t<div class=\"elementor-element elementor-element-42e87964 e-flex e-con-boxed e-con e-parent\" data-id=\"42e87964\" data-element_type=\"container\" data-e-type=\"container\">\n\t\t\t\t\t<div class=\"e-con-inner\">\n\t\t\t\t<div class=\"elementor-element elementor-element-1f0238fa elementor-widget elementor-widget-text-editor\" data-id=\"1f0238fa\" data-element_type=\"widget\" data-e-type=\"widget\" data-widget_type=\"text-editor.default\">\n\t\t\t\t<div class=\"elementor-widget-container\">\n\t\t\t\t\t\t\t\t\t<h3 style=\"text-align: center;\"><strong>Documentaci\u00f3n requerida para la afiliaci\u00f3n.<\/strong><\/h3><h3><strong>Documentaci\u00f3n que deben presentar en la OBRA SOCIAL: <\/strong><\/h3><ul><li>DNI del titular.<\/li><li>CODEM (se tramita en ANSES).<\/li><li>\u00daltimo recibo de sueldo.<\/li><li>Carnet Sindical.<\/li><\/ul><h3><strong>En ANSES deben <\/strong><\/h3><ul><li>Solicitar el CODEM, para solicitar el mismo deben llevar:<\/li><li>DNI del titular (original y fotocopia)<\/li><li>\u00daltimo recibo de sueldo (original y fotocopia).<\/li><li>En caso de estar casado o en pareja, de tener hijos menores a 21 a\u00f1os o mayores 21 a\u00f1os pero cursando estudios superiores, en el CODEM deben figurar todos los integrantes del grupo familiar primario (salvo excepciones).<\/li><\/ul><p>\u00a0<\/p>\t\t\t\t\t\t\t\t<\/div>\n\t\t\t\t<\/div>\n\t\t\t\t\t<\/div>\n\t\t\t\t<\/div>\n\t\t\t\t<\/div>\n\t\t","protected":false},"excerpt":{"rendered":"<p>Afiliaci\u00f3n de Titular Activo Documentaci\u00f3n requerida para la afiliaci\u00f3n. Documentaci\u00f3n que deben presentar en la OBRA SOCIAL: DNI del titular. CODEM (se tramita en ANSES). \u00daltimo recibo de sueldo. Carnet Sindical. En ANSES deben Solicitar el CODEM, para solicitar el mismo deben llevar: DNI del titular (original y fotocopia) \u00daltimo recibo de sueldo (original y fotocopia). En caso de estar &hellip;<\/p>\n","protected":false},"author":1,"featured_media":0,"parent":0,"menu_order":0,"comment_status":"closed","ping_status":"closed","template":"elementor_header_footer","meta":{"footnotes":""},"class_list":["post-46","page","type-page","status-publish","hentry"],"_links":{"self":[{"href":"https:\/\/mutualyf.com.ar\/2024\/wp-json\/wp\/v2\/pages\/46","targetHints":{"allow":["GET"]}}],"collection":[{"href":"https:\/\/mutualyf.com.ar\/2024\/wp-json\/wp\/v2\/pages"}],"about":[{"href":"https:\/\/mutualyf.com.ar\/2024\/wp-json\/wp\/v2\/types\/page"}],"author":[{"embeddable":true,"href":"https:\/\/mutualyf.com.ar\/2024\/wp-json\/wp\/v2\/users\/1"}],"replies":[{"embeddable":true,"href":"https:\/\/mutualyf.com.ar\/2024\/wp-json\/wp\/v2\/comments?post=46"}],"version-history":[{"count":4,"href":"https:\/\/mutualyf.com.ar\/2024\/wp-json\/wp\/v2\/pages\/46\/revisions"}],"predecessor-version":[{"id":402,"href":"https:\/\/mutualyf.com.ar\/2024\/wp-json\/wp\/v2\/pages\/46\/revisions\/402"}],"wp:attachment":[{"href":"https:\/\/mutualyf.com.ar\/2024\/wp-json\/wp\/v2\/media?parent=46"}],"curies":[{"name":"wp","href":"https:\/\/api.w.org\/{rel}","templated":true}]}}