{"id":115,"date":"2015-09-09T22:04:39","date_gmt":"2015-09-09T20:04:39","guid":{"rendered":"https:\/\/mutualyf.com.ar\/2024\/?page_id=3418"},"modified":"2024-07-17T20:32:40","modified_gmt":"2024-07-17T18:32:40","slug":"plan-materno-infantil","status":"publish","type":"page","link":"https:\/\/mutualyf.com.ar\/2024\/plan-materno-infantil\/","title":{"rendered":"Plan Materno Infantil"},"content":{"rendered":"\t\t<div data-elementor-type=\"wp-page\" data-elementor-id=\"115\" class=\"elementor elementor-115\" data-elementor-post-type=\"page\">\n\t\t\t\t<div class=\"elementor-element elementor-element-d96c268 e-flex e-con-boxed e-con e-parent\" data-id=\"d96c268\" data-element_type=\"container\" data-e-type=\"container\">\n\t\t\t\t\t<div class=\"e-con-inner\">\n\t\t\t\t<div class=\"elementor-element elementor-element-e97eb2d elementor-widget elementor-widget-heading\" data-id=\"e97eb2d\" data-element_type=\"widget\" data-e-type=\"widget\" data-widget_type=\"heading.default\">\n\t\t\t\t<div class=\"elementor-widget-container\">\n\t\t\t\t\t<h2 class=\"elementor-heading-title elementor-size-default\">Tr\u00e1mites<\/h2>\t\t\t\t<\/div>\n\t\t\t\t<\/div>\n\t\t\t\t<div class=\"elementor-element elementor-element-b3f3b88 elementor-widget elementor-widget-heading\" data-id=\"b3f3b88\" data-element_type=\"widget\" data-e-type=\"widget\" data-widget_type=\"heading.default\">\n\t\t\t\t<div class=\"elementor-widget-container\">\n\t\t\t\t\t<h2 class=\"elementor-heading-title elementor-size-default\">El Plan Materno Infantil, asegura la atenci\u00f3n integral y gratuita para la madre y el ni\u00f1o.<\/h2>\t\t\t\t<\/div>\n\t\t\t\t<\/div>\n\t\t\t\t\t<\/div>\n\t\t\t\t<\/div>\n\t\t<div class=\"elementor-element elementor-element-61996d61 e-flex e-con-boxed e-con e-parent\" data-id=\"61996d61\" data-element_type=\"container\" data-e-type=\"container\">\n\t\t\t\t\t<div class=\"e-con-inner\">\n\t\t\t\t<div class=\"elementor-element elementor-element-72dc2b74 elementor-widget elementor-widget-text-editor\" data-id=\"72dc2b74\" data-element_type=\"widget\" data-e-type=\"widget\" data-widget_type=\"text-editor.default\">\n\t\t\t\t<div class=\"elementor-widget-container\">\n\t\t\t\t\t\t\t\t\tEl PMI abarca la cobertura del embarazo y del parto a partir del momento del diagn\u00f3stico y hasta el primer mes luego del nacimiento para la mujer y hasta el a\u00f1o de edad en el caso del reci\u00e9n nacido. <strong>Adem\u00e1s, incluye:<\/strong>\n<ul>\n \t<li>Cobertura al 100 % de la atenci\u00f3n integral del embarazo, parto y del reci\u00e9n nacido.<\/li>\n \t<li>Cobertura del 100 % en medicamentos inherentes al estado del embarazo, parto y puerperio.<\/li>\n \t<li>Cobertura del 100 % en medicamentos para el ni\u00f1o hasta el a\u00f1o de vida.<\/li>\n \t<li>Requisitos para gestionar chequeras del pmi<\/li>\n<\/ul>\n<p style=\"text-align: left;\"><strong>Embarazadas:<\/strong><\/p>\nCertificado de embarazo (original) \u00a0con fecha probable de parto\n\nTelefono del afiliado y del m\u00e9dico tratante.\n\nEmail del afiliado y del m\u00e9dico tratante.\n\nEmbarazos anteriores ( si\/no)\u00a0 cuantos.\n\nParto Natural cuantos.\n\nCes\u00e1rea (si\/no)\n\nHijos nacidos vivos.\n\nHijo fallecido o p\u00e9rdida de embarazo.\n\nCarnet de obra social.\n<p style=\"text-align: left;\"><strong>Recien nacido:<\/strong><\/p>\nCompletar\u00a0 \u00a0\u00a0<a href=\"https:\/\/mutualyf.com.ar\/2024\/wp-content\/uploads\/2018\/07\/FORM0010.pdf\" target=\"_blank\" rel=\"noopener\">FORM0010\u00a0<\/a>&#8211; Formulario para plan materno infantil\u00a0 ingreso PMI.\n\n\t\t\t\t\t\t\t\t<\/div>\n\t\t\t\t<\/div>\n\t\t\t\t\t<\/div>\n\t\t\t\t<\/div>\n\t\t\t\t<\/div>\n\t\t","protected":false},"excerpt":{"rendered":"<p>Tr\u00e1mites El Plan Materno Infantil, asegura la atenci\u00f3n integral y gratuita para la madre y el ni\u00f1o. El PMI abarca la cobertura del embarazo y del parto a partir del momento del diagn\u00f3stico y hasta el primer mes luego del nacimiento para la mujer y hasta el a\u00f1o de edad en el caso del reci\u00e9n nacido. Adem\u00e1s, incluye: Cobertura al &hellip;<\/p>\n","protected":false},"author":1,"featured_media":0,"parent":0,"menu_order":0,"comment_status":"closed","ping_status":"closed","template":"elementor_header_footer","meta":{"footnotes":""},"class_list":["post-115","page","type-page","status-publish","hentry"],"_links":{"self":[{"href":"https:\/\/mutualyf.com.ar\/2024\/wp-json\/wp\/v2\/pages\/115","targetHints":{"allow":["GET"]}}],"collection":[{"href":"https:\/\/mutualyf.com.ar\/2024\/wp-json\/wp\/v2\/pages"}],"about":[{"href":"https:\/\/mutualyf.com.ar\/2024\/wp-json\/wp\/v2\/types\/page"}],"author":[{"embeddable":true,"href":"https:\/\/mutualyf.com.ar\/2024\/wp-json\/wp\/v2\/users\/1"}],"replies":[{"embeddable":true,"href":"https:\/\/mutualyf.com.ar\/2024\/wp-json\/wp\/v2\/comments?post=115"}],"version-history":[{"count":4,"href":"https:\/\/mutualyf.com.ar\/2024\/wp-json\/wp\/v2\/pages\/115\/revisions"}],"predecessor-version":[{"id":446,"href":"https:\/\/mutualyf.com.ar\/2024\/wp-json\/wp\/v2\/pages\/115\/revisions\/446"}],"wp:attachment":[{"href":"https:\/\/mutualyf.com.ar\/2024\/wp-json\/wp\/v2\/media?parent=115"}],"curies":[{"name":"wp","href":"https:\/\/api.w.org\/{rel}","templated":true}]}}